er when 2761 is divided by 183.
16
What is the remainder when 156390 is divided by 43?
42
What is the remainder when 888 is divided by 188?
136
Calculate the remainder when 36751 is divided by 155.
16
Calculate the remainder when 858 is divided by 165.
33
Calculate the remainder when 4860 is divided by 46.
30
What is the remainder when 22394 is divided by 7462?
8
Calculate the remainder when 64778 is divided by 170.
8
What is the remainder when 6360 is divided by 907?
11
Calculate the remainder when 27838 is divided by 1473.
1324
Calculate the remainder when 647 is divided by 319.
9
Calculate the remainder when 61048 is divided by 7631.
0
Calculate the remainder when 12773 is divided by 1118.
475
What is the remainder when 5063 is divided by 251?
43
Calculate the remainder when 844 is divided by 183.
112
What is the remainder when 2766742 is divided by 922246?
4
What is the remainder when 2511 is divided by 543?
339
Calculate the remainder when 8467 is divided by 59.
30
Calculate the remainder when 6271 is divided by 168.
55
Calculate the remainder when 5351 is divided by 989.
406
What is the remainder when 17033 is divided by 1016?
777
Calculate the remainder when 3780 is divided by 108.
0
Calculate the remainder when 39292 is divided by 3022.
6
What is the remainder when 231 is divided by 20?
11
What is the remainder when 115753 is divided by 28937?
5
Calculate the remainder when 56180 is divided by 116.
36
Calculate the remainder when 16867 is divided by 7.
4
What is the remainder when 313278 is divided by 108?
78
What is the remainder when 6974 is divided by 6966?
8
Calculate the remainder when 14252 is divided by 4716.
104
What is the remainder when 5933 is divided by 591?
23
Calculate the remainder when 24760 is divided by 12363.
34
What is the remainder when 113260 is divided by 37725?
85
Calculate the remainder when 4116 is divided by 1924.
268
What is the remainder when 706306 is divided by 110?
106
What is the remainder when 13287 is divided by 147?
57
Calculate the remainder when 65402 is divided by 1557.
8
Calculate the remainder when 10126 is divided by 211.
209
What is the remainder when 4418 is divided by 2158?
102
Calculate the remainder when 1472639 is divided by 39.
38
What is the remainder when 32505 is divided by 256?
249
What is the remainder when 66962 is divided by 227?
224
Calculate the remainder when 8176 is divided by 1151.
119
What is the remainder when 735 is divided by 50?
35
What is the remainder when 23502 is divided by 14?
10
Calculate the remainder when 776159 is divided by 70.
69
Calculate the remainder when 9717 is divided by 97.
17
What is the remainder when 497440 is divided by 73?
18
Calculate the remainder when 15516 is divided by 3879.
0
What is the remainder when 1186 is divided by 585?
16
What is the remainder when 1613 is divided by 533?
14
What is the remainder when 395 is divided by 9?
8
What is the remainder when 1723139 is divided by 6?
5
What is the remainder when 1607393 is divided by 98?
95
What is the remainder when 9759 is divided by 74?
65
What is the remainder when 10039 is divided by 10035?
4
What is the remainder when 59608 is divided by 121?
76
What is the remainder when 334640 is divided by 316?
312
Calculate the remainder when 2031 is divided by 2028.
3
What is the remainder when 962846 is divided by 150?
146
Calculate the remainder when 10378 is divided by 290.
228
What is the remainder when 188 is divided by 85?
18
Calculate the remainder when 1455 is divided by 205.
20
What is the remainder when 35062 is divided by 178?
174
Calculate the remainder when 6255 is divided by 6173.
82
Calculate the remainder when 24046 is divided by 104.
22
Calculate the remainder when 2938 is divided by 28.
26
Calculate the remainder when 537396 is divided by 55.
46
Calculate the remainder when 844914 is divided by 17.
14
What is the remainder when 1467 is divided by 49?
46
Calculate the remainder when 16269 is divided by 24.
21
Calculate the remainder when 23110 is divided by 1896.
358
Calculate the remainder when 83135 is divided by 55.
30
Calculate the remainder when 11398 is divided by 264.
46
Calculate the remainder when 10722 is divided by 72.
66
What is the remainder when 62773 is divided by 143?
139
Calculate the remainder when 2581 is divided by 883.
815
What is the remainder when 405712 is divided by 17?
7
What is the remainder when 4019 is divided by 179?
81
Calculate the remainder when 2890 is divided by 288.
10
What is the remainder when 1396 is divided by 359?
319
What is the remainder when 81959 is divided by 120?
119
What is the remainder when 26173 is divided by 13032?
109
Calculate the remainder when 72821 is divided by 83.
30
Calculate the remainder when 3150227 is divided by 5.
2
What is the remainder when 3913 is divided by 1251?
160
What is the remainder when 323 is divided by 159?
5
Calculate the remainder when 83024 is divided by 7.
4
Calculate the remainder when 2817 is divided by 83.
78
What is the remainder when 293383 is divided by 3223?
90
Calculate the remainder when 27611 is divided by 5520.
11
Calculate the remainder when 1591 is divided by 230.
211
Calculate the remainder when 52853 is divided by 31.
29
What is the remainder when 1364936 is divided by 30?
26
What is the remainder when 2535 is divided by 375?
285
What is the remainder when 764635 is divided by 54?
49
Calculate the remainder when 597959 is divided by 11.
10
What is the remainder when 64631 is divided by 202?
193
Calculate the remainder when 49280 is divided by 258.
2
Calculate the remainder when 16929 is divided by 1409.
21
Calculate the remainder when 764 is divided by 348.
68
Calculate the remainder when 7577 is divided by 3780.
17
Calculate the remainder when 11648 is divided by 1659.
35
What is the remainder when 73163 is divided by 21?
20
Calculate the remainder when 364439 is divided by 50.
39
Calculate the remainder when 9676 is divided by 499.
195
Calculate the remainder when 8063 is divided by 207.
197
What is the remainder when 1580 is divided by 132?
128
Calculate the remainder when 43351 is divided by 44.
11
What is the remainder when 1075 is divided by 11?
8
What is the remainder when 4141776 is divided by 2111?
2105
What is the remainder when 481 is divided by 198?
85
Calculate the remainder when 7083 is divided by 1046.
807
What is the remainder when 28936 is divided by 562?
274
What is the remainder when 58748 is divided by 43?
10
What is the remainder when 5918 is divided by 495?
473
What is the remainder when 39231 is divided by 19615?
1
Calculate the remainder when 506 is divided by 270.
236
Calculate the remainder when 69297 is divided by 14.
11
Calculate the remainder when 15151749 is divided by 10.
9
Calculate the remainder when 10600 is divided by 5.
0
What is the remainder when 10032 is divided by 474?
78
What is the remainder when 8704 is divided by 1085?
24
Calculate the remainder when 42027 is divided by 147.
132
Calculate the remainder when 2383 is divided by 45.
43
Calculate the remainder when 87165 is divided by 41.
40
What is the remainder when 15741 is divided by 7851?
39
What is the remainder when 629030 is divided by 82?
8
Calculate the remainder when 1812 is divided by 136.
44
What is the remainder when 8808 is divided by 2591?
1035
Calculate the remainder when 67978 is divided by 33977.
24
Calculate the remainder when 428079 is divided by 3.
0
Calculate the remainder when 80715 is divided by 96.
75
Calculate the remainder when 17581 is divided by 586.
1
What is the remainder when 1082 is divided by 132?
26
What is the remainder when 1100206 is divided by 12646?
4
What is the remainder when 122018 is divided by 322?
302
Calculate the remainder when 3101 is divided by 193.
13
Calculate the remainder when 32713 is divided by 101.
90
What is the remainder when 2483925 is divided by 496784?
5
What is the remainder when 1853 is divided by 606?
35
Calculate the remainder when 1356 is divided by 61.
14
What is the remainder when 1459531 is divided by 2?
1
What is the remainder when 39896 is divided by 3324?
8
Calculate the remainder when 5779 is divided by 2386.
1007
Calculate the remainder when 63151 is divided by 104.
23
What is the remainder when 2986 is divided by 12?
1